 8) in base 12?
-378a98
What is -27d67 (base 16) in base 5?
-20210200
What is -1783744 (base 9) in base 14?
-1c0654
-13445641 (base 7) to base 10
-1255360
Convert -1b067c6 (base 14) to base 13.
-2a35244
Convert -d6a61 (base 14) to base 3.
-222022110010
Convert 13520444 (base 7) to base 10.
1265555
What is -12bc79 (base 13) in base 6?
-13425050
-2066759 (base 11) to base 7
-42636565
Convert -113600 (base 9) to base 10.
-68283
11a7e8 (base 15) to base 6
30042315
-334403044 (base 5) to base 3
-2210021102220
What is 100100000000001000 (base 2) in base 6?
3054412
What is 109972b (base 12) in base 3?
20000000202122
Convert 1211222020202 (base 3) to base 16.
f0233
-7fed5 (base 16) to base 14
-d8d5b
Convert -4095160 (base 10) to base 12.
-1455a74
Convert -1c7039 (base 14) to base 12.
-4111b7
Convert 33011415 (base 6) to base 11.
610411
Convert -6154ba (base 14) to base 6.
-154145152
Convert 2687547 (base 10) to base 12.
a97363
What is 10011011101100000 (base 2) in base 15?
18942
What is 123125523 (base 6) in base 2?
1001000111110000111011
Convert 4040570 (base 11) to base 12.
2487156
555414 (base 6) to base 11
32009
b84b (base 13) to base 6
314234
Convert 112101 (base 6) to base 5.
301131
What is -2001002202121 (base 3) in base 7?
-12135016
5668771 (base 10) to base 5
2422400041
What is -22003450 (base 6) in base 8?
-2375266
What is -2313150 (base 7) in base 15?
-5aa73
What is 132770 (base 9) in base 15?
18e30
145105044 (base 7) to base 11
5502046
What is 1210991 (base 10) in base 16?
127a6f
What is 121223124 (base 5) in base 6?
20120450
Convert -10001001011110000 (base 2) to base 11.
-48976
Convert -222968b (base 12) to base 13.
-1477202
Convert 62853a6 (base 11) to base 15.
e8ba70
What is -12010000211220 (base 3) in base 4?
-22113103020
-21002120002 (base 3) to base 4
-202011332
Convert 5422523 (base 9) to base 15.
3c6b3c
-169703 (base 10) to base 7
-1304522
2744aa (base 13) to base 15
13c197
What is -61a567 (base 12) in base 9?
-2784217
Convert 6457527 (base 8) to base 11.
a80591
Convert 752aa (base 12) to base 4.
211221202
-2185676 (base 9) to base 8
-4375773
Convert 34243410 (base 5) to base 2.
1001010101110111001
Convert -106114 (base 10) to base 7.
-621241
Convert 100271 (base 8) to base 3.
1200012111
What is 111101101100011000 (base 2) in base 5?
31041241
What is -35179a1 (base 11) in base 15?
-815b81
What is -1873540 (base 11) in base 15?
-4285ed
Convert -3302013032 (base 4) to base 8.
-3620716
What is -373977 (base 12) in base 15?
-12b214
1e16b (base 16) to base 14
32cb1
What is 321011121 (base 4) in base 16?
39159
-120220130 (base 5) to base 7
-4466241
10c8c3 (base 15) to base 7
6546531
What is -ec12ca (base 15) in base 4?
-222320310031
What is 325181 (base 16) in base 12?
1130455
1001010111101101100000 (base 2) to base 15
337c61
What is -150514313 (base 6) in base 5?
-1244323303
What is 200876 (base 15) in base 10?
1520661
Convert -24798 (base 13) to base 11.
-46558
-28476 (base 13) to base 7
-433014
10011000000101100010101 (base 2) to base 8
23005425
-34c86 (base 13) to base 12
-47aa9
-51445343 (base 8) to base 7
-161430011
-5bb3 (base 15) to base 9
-28686
Convert 7652241 (base 9) to base 15.
56267d
13018448 (base 9) to base 6
344543325
4a96e (base 15) to base 4
322030223
Convert 3643563 (base 7) to base 15.
92a5c
11e466 (base 15) to base 7
10203114
8727783 (base 9) to base 3
22210221212210
Convert -1261710 (base 9) to base 3.
-1022001210100
69037 (base 15) to base 13
b914c
-222011333130 (base 4) to base 9
-22677543
-151603 (base 9) to base 2
-10110101110010000
What is 436310 (base 7) in base 8?
225543
What is 111011111010000111011100 (base 2) in base 9?
32485518
Convert -75670 (base 14) to base 9.
-472401
Convert -100111011001101101101110 (base 2) to base 10.
-10328942
What is 784453 (base 13) in base 12?
b499a7
Convert 1030113033 (base 4) to base 6.
10412023
Convert 1671754 (base 9) to base 12.
38bb27
What is 345508 (base 11) in base 10?
548985
Convert 414350 (base 11) to base 13.
1a3661
-37536 (base 15) to base 10
-176676
What is -20022231111 (base 4) in base 7?
-24125010
Convert -214050543 (base 6) to base 9.
-7181150
-21032110110 (base 4) to base 7
-26360250
Convert 301623 (base 11) to base 6.
14222243
What is -614654 (base 8) in base 15?
-40305
What is -838237 (base 9) in base 11?
-310261
What is -100011101101111001 (base 2) in base 6?
-3045145
Convert -9a426 (base 15) to base 14.
-ca983
-1f90ef (base 16) to base 4
-13321003233
Convert 14000141 (base 5) to base 16.
2257f
4844187 (base 9) to base 14
4c576c
Convert 6481 (base 12) to base 15.
3411
201311 (base 5) to base 4
1210320
-22300364 (base 7) to base 10
-1932998
Convert -462432 (base 7) to base 4.
-110021223
What is -11111010010110 (base 2) in base 14?
-5ba6
225400131 (base 6) to base 16
3fd5f7
What is -1637787 (base 11) in base 2?
-1010101001101001110001
Convert -37d6e6 (base 16) to base 5.
-1414100434
What is -13661254 (base 7) in base 3?
-2102122120221
What is -1021101010201 (base 3) in base 13?
-1a8c81
What is 12200111112 (base 3) in base 15?
23252
333809 (base 10) to base 11
208883
Convert -63a3308 (base 11) to base 14.
-16d29ad
What is 7a897 (base 16) in base 5?
112030121
20010200020 (base 3) to base 6
2331053
What is 2146019 (base 10) in base 12?
875aab
Convert 2135514 (base 6) to base 4.
121330012
What is 522442352 (base 6) in base 15?
be7b9e
6256076 (base 8) to base 16
195c3e
Convert -372133 (base 12) to base 14.
-1943b1
-28905ba (base 13) to base 7
-214331610
4142658 (base 9) to base 2
1000011100010010111110
Convert -1210312002 (base 5) to base 10.
-2822752
Convert 788801 (base 11) to base 13.
34c973
-1000001011110111001100 (base 2) to base 5
-1022130430
What is -2397 (base 12) in base 9?
-5437
What is -110001011010010111101 (base 2) in base 11?
-a0652a
491868 (base 13) to base 15
247456
What is 4231011 (base 6) in base 4?
302113033
Convert 15325725 (base 8) to base 11.
1a92744
32153 (base 16) to base 4
302011103
Convert -5341 (base 13) to base 4.
-2310121
200011100021 (base 3) to base 5
42414320
-2022121021001 (base 3) to base 10
-1232200
Convert -111021212 (base 4) to base 16.
-15266
What is 694878 (base 13) in base 6?
125251050
Convert 42313 (base 8) to base 14.
65bd
Convert 11230232231 (base 4) to base 7.
15461330
Convert -4157635 (base 9) to base 15.
-2ddb0e
-6611121 (base 7) to base 11
-50324a
4202643 (base 7) to base 3
221200000220
112122024 (base 5) to base 6
14452143
-23939 (base 12) to base 6
-1010113
What is 1304005030 (base 6) in base 15?
15248e6
-3721713 (base 8) to base 3
-1221001222220
Convert -111212102221 (base 3) to base 10.
-272968
What is 11120031031 (base 4) in base 7?
14661256
430133240 (base 5) to base 4
12320001100
1210201020011 (base 3) to base 11
5a53a8
Convert 55e3a3 (base 16) to base 15.
762c0a
Convert -21113011 (base 5) to base 9.
-287382
What is 1570311 (base 10) in base 11?
982886
What is -3235188 (base 9) in base 14?
-332898
What is -94992 (base 14) in base 13?
-c72c7
Convert -97c18d (base 15) to base 12.
-2507974
What is -226867 (base 9) in base 12?
-66a67
-1023113133 (base 4) to base 7
-2424003
-2303222020 (base 4) to base 15
-e808a
Convert -14334342 (base 6) to base 14.
-cc450
3343202430 (base 5) to base 6
422314252
5340320 (base 6) to base 16
3ff18
6ddd67 (base 14) to base 6
212404555
What is -250130 (base 7) in base 6?
-551305
What is 165125 (base 10) in base 2?
101000010100000101
What is -765a5a (base 12) in base 7?
-21643345
What is 20234034 (base 6) in base 5?
122031243
-1b76e (base 16) to base 11
-77578
15315220 (base 6) to base 15
a9a89
24400444 (base 5) to base 15
4884e
101010100000011101111 (base 2) to base 11
871544
What is -4461017 (base 8) in base 16?
-12620f
What is 57cce (base 15) in base 10?
279644
What is -5504166 (base 7) in base 6?
-22235113
Convert -2111d76 (base 14) to base 8.
-73524204
205111001 (base 6) to base 14
69a877
What is -243039 (base 13) in base 15?
-120c99
479b73 (base 12) to base 15
17d053
Convert 42232104 (base 5) to base 15.
6e51e
What is -11312344 (base 7) in base 11?
-61a516
What is 19877 (base 16) in base 11?
71621
Convert 6102365 (base 8) to base 4.
12020103311
Convert 1dce2 (base 15) to base 2.
10111110010000100
-550954 (base 11) to base 4
-3112233320
What is -18cdd (base 14) in base 15?
-1